en 58256 is divided by 149.
146
Calculate the remainder when 92166 is divided by 65.
61
Calculate the remainder when 52822 is divided by 13189.
66
Calculate the remainder when 1834 is divided by 114.
10
What is the remainder when 101577 is divided by 15?
12
Calculate the remainder when 3680 is divided by 671.
325
Calculate the remainder when 103432 is divided by 1245.
97
What is the remainder when 12479 is divided by 2492?
19
What is the remainder when 3229 is divided by 64?
29
Calculate the remainder when 1094 is divided by 1076.
18
What is the remainder when 10323 is divided by 2074?
2027
Calculate the remainder when 3602 is divided by 89.
42
What is the remainder when 740626 is divided by 126?
124
Calculate the remainder when 505 is divided by 26.
11
What is the remainder when 2446 is divided by 338?
80
What is the remainder when 3918164 is divided by 831?
830
Calculate the remainder when 15565 is divided by 22.
11
What is the remainder when 2606 is divided by 199?
19
What is the remainder when 61442 is divided by 60?
2
Calculate the remainder when 57019 is divided by 30.
19
What is the remainder when 36783 is divided by 511?
502
Calculate the remainder when 7181 is divided by 1022.
27
What is the remainder when 83527 is divided by 898?
13
Calculate the remainder when 957 is divided by 18.
3
Calculate the remainder when 9137 is divided by 150.
137
What is the remainder when 23119 is divided by 81?
34
What is the remainder when 27729 is divided by 52?
13
Calculate the remainder when 3229 is divided by 83.
75
Calculate the remainder when 42134 is divided by 46.
44
Calculate the remainder when 62154 is divided by 1726.
18
What is the remainder when 38900 is divided by 96?
20
Calculate the remainder when 1361 is divided by 1319.
42
What is the remainder when 3681 is divided by 23?
1
Calculate the remainder when 1903 is divided by 151.
91
Calculate the remainder when 149445 is divided by 1758.
15
What is the remainder when 2336 is divided by 1164?
8
What is the remainder when 8299 is divided by 123?
58
What is the remainder when 8856 is divided by 43?
41
What is the remainder when 43521 is divided by 14505?
6
What is the remainder when 94007 is divided by 14?
11
What is the remainder when 162 is divided by 142?
20
Calculate the remainder when 46025 is divided by 39.
5
What is the remainder when 204972 is divided by 2562?
12
Calculate the remainder when 3443 is divided by 1137.
32
Calculate the remainder when 3239 is divided by 155.
139
Calculate the remainder when 41463 is divided by 135.
18
What is the remainder when 72551 is divided by 2790?
11
Calculate the remainder when 10431 is divided by 10.
1
Calculate the remainder when 505128 is divided by 1312.
8
What is the remainder when 19790 is divided by 160?
110
Calculate the remainder when 100 is divided by 76.
24
Calculate the remainder when 140442 is divided by 304.
298
What is the remainder when 543564 is divided by 947?
933
Calculate the remainder when 376611 is divided by 126.
123
What is the remainder when 444140 is divided by 1948?
1944
Calculate the remainder when 1656 is divided by 1360.
296
What is the remainder when 47754 is divided by 1364?
14
Calculate the remainder when 9517828 is divided by 61.
59
Calculate the remainder when 65948 is divided by 400.
348
Calculate the remainder when 70149 is divided by 2186.
197
Calculate the remainder when 232709 is divided by 663.
659
Calculate the remainder when 259304 is divided by 43209.
50
What is the remainder when 29728 is divided by 2468?
112
Calculate the remainder when 2008395 is divided by 1004189.
17
Calculate the remainder when 364419 is divided by 133.
132
What is the remainder when 592 is divided by 118?
2
What is the remainder when 4585 is divided by 1145?
5
What is the remainder when 927526 is divided by 142?
124
Calculate the remainder when 730 is divided by 23.
17
What is the remainder when 733652 is divided by 88?
84
Calculate the remainder when 4451 is divided by 1157.
980
What is the remainder when 30337 is divided by 2528?
1
What is the remainder when 52694 is divided by 34?
28
Calculate the remainder when 128045 is divided by 6734.
99
Calculate the remainder when 1332 is divided by 354.
270
Calculate the remainder when 907 is divided by 109.
35
What is the remainder when 45480 is divided by 396?
336
What is the remainder when 14633 is divided by 202?
89
What is the remainder when 192289 is divided by 437?
9
Calculate the remainder when 21255 is divided by 2361.
6
Calculate the remainder when 3573 is divided by 296.
21
Calculate the remainder when 1445 is divided by 2.
1
Calculate the remainder when 64665 is divided by 11.
7
Calculate the remainder when 3111 is divided by 96.
39
Calculate the remainder when 727199 is divided by 24.
23
Calculate the remainder when 18699 is divided by 1461.
1167
Calculate the remainder when 40515 is divided by 94.
1
Calculate the remainder when 280360 is divided by 1149.
4
Calculate the remainder when 674 is divided by 672.
2
What is the remainder when 566681 is divided by 45?
41
Calculate the remainder when 29061 is divided by 56.
53
What is the remainder when 4333 is divided by 2160?
13
What is the remainder when 11262 is divided by 2815?
2
Calculate the remainder when 243745 is divided by 130.
125
Calculate the remainder when 25535 is divided by 124.
115
Calculate the remainder when 27239 is divided by 227.
226
What is the remainder when 35665 is divided by 38?
21
What is the remainder when 164523 is divided by 72?
3
Calculate the remainder when 764 is divided by 133.
99
What is the remainder when 220339 is divided by 26?
15
What is the remainder when 356067 is divided by 7?
5
What is the remainder when 1676 is divided by 471?
263
What is the remainder when 1154 is divided by 217?
69
Calculate the remainder when 8421 is divided by 1053.
1050
What is the remainder when 223997 is divided by 94?
89
What is the remainder when 3282 is divided by 1544?
194
Calculate the remainder when 1519 is divided by 86.
57
Calculate the remainder when 243522 is divided by 267.
18
Calculate the remainder when 3722 is divided by 240.
122
Calculate the remainder when 681 is divided by 541.
140
What is the remainder when 5320 is divided by 312?
16
Calculate the remainder when 19446 is divided by 256.
246
What is the remainder when 6115 is divided by 50?
15
Calculate the remainder when 92618 is divided by 3562.
6
What is the remainder when 3704469 is divided by 17?
16
Calculate the remainder when 1943 is divided by 909.
125
Calculate the remainder when 68290 is divided by 287.
271
What is the remainder when 9257 is divided by 463?
460
What is the remainder when 47504 is divided by 9423?
389
What is the remainder when 26197 is divided by 3?
1
Calculate the remainder when 692 is divided by 302.
88
What is the remainder when 12038 is divided by 14?
12
Calculate the remainder when 15144 is divided by 101.
95
What is the remainder when 60836 is divided by 13?
9
What is the remainder when 893 is divided by 60?
53
What is the remainder when 50614 is divided by 305?
289
Calculate the remainder when 3270 is divided by 69.
27
Calculate the remainder when 3086 is divided by 503.
68
What is the remainder when 843164 is divided by 16?
12
Calculate the remainder when 653091 is divided by 84.
75
Calculate the remainder when 10423 is divided by 82.
9
Calculate the remainder when 1249948 is divided by 150.
148
What is the remainder when 8125 is divided by 8117?
8
What is the remainder when 16461 is divided by 8206?
49
What is the remainder when 4313 is divided by 134?
25
Calculate the remainder when 9271 is divided by 3776.
1719
What is the remainder when 1723 is divided by 694?
335
Calculate the remainder when 53009 is divided by 171.
170
What is the remainder when 12801 is divided by 66?
63
What is the remainder when 18457 is divided by 224?
89
What is the remainder when 3635 is divided by 138?
47
What is the remainder when 8906 is divided by 641?
573
What is the remainder when 19551 is divided by 1301?
36
Calculate the remainder when 186 is divided by 14.
4
Calculate the remainder when 7804 is divided by 35.
34
What is the remainder when 8323 is divided by 349?
296
What is the remainder when 13889 is divided by 5?
4
What